1*-1?
263
Let t(k) = k + 7. Let i be t(-3). List the prime factors of 1/i + 819/52.
2
Suppose 5*j = 783 - 258. Let n = j - -9. What are the prime factors of n?
2, 3, 19
Let l = 40 + -36. Suppose l*w = 112 - 36. List the prime factors of w.
19
Suppose 0 = -2*f - 3*c + 239, 3*c = f - 0*c - 133. Suppose 2*g - 4*g + f = 0. List the prime factors of g.
2, 31
Suppose -26 = -0*v - 2*v. Let l(k) = k + 11. Let z be l(v). List the prime factors of 270/z + (-6)/(-8).
2, 3
Suppose -4*q = -5*d + 16, -3*d - 3*q = -0 - 15. Suppose 2*f = -2*f - 4*u + 24, -16 = -4*f + d*u. List the prime factors of f.
5
Suppose -5*n = -0*n + 3*l - 16, -2*n - 3*l + 1 = 0. Suppose -n = -3*z + 34. What are the prime factors of z?
13
Let a be (-1)/(-3*3/27). What are the prime factors of (-7 + a - -8) + 7?
11
Let i be 79/(((-3)/1)/(-3)). Let h = i - -107. What are the prime factors of 10/4*h/15?
31
Let a be -292*((-1)/3 + 26/24). Let c = a - -316. What are the prime factors of c?
97
What are the prime factors of (2918/(-6))/(55/(-165))?
1459
Let p(c) = 162*c**2 - 8*c - 14. What are the prime factors of p(-4)?
2, 3, 5, 29
Let m = 4 + -2. Suppose -228 = -3*k - m*a, 0 = -k + 2*a + 13 + 55. List the prime factors of k.
2, 37
Let x(n) = -517*n**3 - 3*n**2 - 2*n. List the prime factors of x(-1).
2, 3, 43
Suppose -2*i - 2*j + 18 = 2*j, 4*i + j = 22. Suppose -i*l + l = 0. Suppose l = -d - 2*p + 13 + 11, 0 = -d - p + 19. List the prime factors of d.
2, 7
Let z(w) be the third derivative of -w**6/120 - w**5/12 + w**4/4 + w**3 - 3*w**2. Let a be z(-5). Let t = -12 - a. What are the prime factors of t?
2, 3
Let t = -24 + 26. Suppose 2 = t*r - 64. What are the prime factors of r?
3, 11
Let i = 11 + -9. Suppose 3*s - 25 = -i*s. Let t = s - -9. List the prime factors of t.
2, 7
Suppose 4*u + 705 = 3*i, 232 = 2*i + u - 238. List the prime factors of i.
5, 47
Suppose -a - 149 = -5*j - 3*a, 0 = -j - 4*a + 19. Let p = j + -15. Let l = 40 - p. List the prime factors of l.
2, 3
Let y be 4/(-6)*333/(-6). Let q = y + 23. What are the prime factors of q?
2, 3, 5
Let s = 13 - 10. Suppose 0 = -0*a - s*a - 42. Let n = -4 - a. List the prime factors of n.
2, 5
Let h be (-1)/(4 + 124/(-32)). What are the prime factors of h/(3/((-36)/8))?
2, 3
Let y(o) = -88*o + 373. List the prime factors of y(-23).
3, 17, 47
Suppose -130*b = -137*b + 266. What are the prime factors of b?
2, 19
Let u = -2 - -6. List the prime factors of 2 - u - (-114 - -1).
3, 37
Let u(g) = 3*g**2 - 10*g - 43. List the prime factors of u(15).
2, 241
Let j = -11 + 18. Let g(y) = y - 9. Let s(v) = v - 5. Let b(i) = -2*g(i) + 5*s(i). List the prime factors of b(j).
2, 7
Suppose 4809 + 20535 = 18*g. What are the prime factors of g?
2, 11
Let l(a) = -37*a + 46. What are the prime factors of l(-6)?
2, 67
Let j = -1370 - -3378. List the prime factors of j.
2, 251
Suppose -2*w = -2*f - 4576, 4*w - 4596 = 2*w - 3*f. List the prime factors of w.
2, 3, 191
Let u be -35*(-1 + 12/(-20)). Let i = u - 0. What are the prime factors of i?
2, 7
Let q(m) = 7*m + 17. Let v be q(15). List the prime factors of 6/((-6)/(-30) - v/760).
2, 19
Let q(r) = r**2 - 5*r - 10. Suppose 3*k + b - 25 = 0, -3*b + b + 15 = k. Let w be q(k). Suppose 2*g + w*u = 78, 2*g = g + 3*u + 14. List the prime factors of g.
29
Suppose -7*q + 4160 = q. Suppose 0 = 5*m - 0*p + 3*p - 500, p = 5*m - q. What are the prime factors of m?
103
Let v(q) = 149*q**2 + 6*q - 20. What are the prime factors of v(2)?
2, 3, 7
Suppose -48*x + 54 = -42*x. Let y(n) = 2*n**3 - 14*n**2 - 7*n - 9. List the prime factors of y(x).
2, 3, 7
What are the prime factors of 1 - -6 - (-11)/((-22)/(-4484))?
13, 173
Let i be (8/12)/(((-12)/(-27))/2). Suppose i*g + 5*g - 2032 = 0. What are the prime factors of g?
2, 127
Suppose 0 = 3*q - 11 + 2. Suppose -q*p = p - 16. List the prime factors of p/(-14) - (-184)/7.
2, 13
Let m be -3 + 3 + 2*-23. Let t be -78 + -1 + (0 - (0 + -3)). Let v = m - t. List the prime factors of v.
2, 3, 5
Suppose 0 = 15*n - 6242 - 15178. List the prime factors of n.
2, 3, 7, 17
Let j = -39 + 99. Suppose 0 = l - j - 14. List the prime factors of l.
2, 37
List the prime factors of ((-462)/55)/((-9)/1200).
2, 5, 7
List the prime factors of (3 + -1073)/(-5)*1.
2, 107
Let u(m) = -m**2 + 6*m - 17. Let r be u(9). What are the prime factors of 1993/11 + 8/r?
181
Suppose 2*g = -2, -g + 85 + 238 = 4*f. What are the prime factors of f?
3
Suppose 0 = 6*s - 2929 + 805. What are the prime factors of s?
2, 3, 59
Suppose -4*g = 4*g - 16. Suppose -8*x + 528 = -4*x + 4*m, 2*x = g*m + 272. What are the prime factors of x?
2, 67
Let g be -2 + 3 + (2 - -2). Suppose 2*v - g = v. Suppose -x = v*y + 9 - 77, -3 = -y. What are the prime factors of x?
53
Suppose -451 = -3*l - 2*a, l - 2*a - a - 132 = 0. Suppose -3*w - 3*s = 2*s - l, -5*w + 4*s + 245 = 0. What are the prime factors of w?
7
Let t = -5 - -20. Let z = t - 13. Suppose z*q - 62 = -4*f, 3*q + 3 = 2*q. List the prime factors of f.
17
Let x = -224 + 394. List the prime factors of x/2 - (-35 - -30).
2, 3, 5
Let t(z) = 73*z**2 - z - 5. What are the prime factors of t(-4)?
3, 389
Let u be 0*(-3)/(-12) - 13*-9. Let p = u + -85. List the prime factors of p.
2
Suppose 4*f - 85 - 975 = 0. List the prime factors of f.
5, 53
Suppose 2*x - 1976 - 74 = -a, -2*x + a = -2054. List the prime factors of x.
2, 3, 19
What are the prime factors of (-2 + (-178)/4)*(-3 + 1)?
3, 31
Suppose -3*a + 28 = -23. Let k(d) = -2*d**2 + 22*d - 1. Let u be k(a). What are the prime factors of 2/((-215)/u + -1)?
41
Let s(w) = -13 + 3*w + 5*w - 7*w. Let j be s(15). Suppose u - 42 = -j*u. List the prime factors of u.
2, 7
List the prime factors of (60/8)/((-14)/(-6608)).
2, 3, 5, 59
Let f(i) = 68*i**2 + 10*i. List the prime factors of f(-1).
2, 29
Suppose w - 5 = -3*o, 11 = 8*o - 3*o + w. Let z(x) = -24*x**o + 15*x**3 - 18*x**3. What are the prime factors of z(-1)?
3
Let o = -4356 - -7281. What are the prime factors of o?
3, 5, 13
Suppose 7263 + 8550 = 7*k. What are the prime factors of k?
3, 251
List the prime factors of (-26)/(624/20916)*72/(-14).
2, 3, 83
Let q(v) = 6*v + 152. List the prime factors of q(35).
2, 181
Suppose 10 = z + 3*z + 3*l, 6 = z - l. Suppose -z*q = -4 - 44. What are the prime factors of q?
2, 3
Let t = 4050 - 1519. What are the prime factors of t?
2531
Suppose -4*z + 0*z - 3*t = -15, 5*z + 2*t - 17 = 0. Suppose -51 + 222 = z*a. What are the prime factors of a?
3, 19
Let j be (-45)/126*(-7)/2*8. Suppose 0 = -j*g + 14*g - 112. What are the prime factors of g?
2, 7
Suppose z + 3 = b - 6*b, 2*z = -4*b - 6. List the prime factors of 7/(-2)*(14/(-1) + b).
7
Let a(p) = 7*p**2 - p**2 + 14*p - 2*p**2 + 16. List the prime factors of a(-7).
2, 3, 19
Suppose 0*u + 2*u = 10. Suppose u*g - 56 = 109. Let l = 46 - g. List the prime factors of l.
13
Let r = 6794 - 775. List the prime factors of r.
13, 463
Let m(l) be the third derivative of l**4/6 - 11*l**3/6 - 20*l**2. Suppose -2*r - 4*b + 2 = 0, -2*b + 35 = 3*r - 4*b. What are the prime factors of m(r)?
5
Suppose 0 = -t, -3*l - 3*t + 102 - 342 = 0. Let i = l + 102. What are the prime factors of i?
2, 11
Let h = -100 - -101. List the prime factors of (h/(-2))/((-1)/618).
3, 103
Suppose -2*t - 59 = 3*k, 2*t + 173 = -3*t + k. Let a = t + 63. What are the prime factors of a?
29
Suppose -5*v + 2*w = 86, 4*v = w - 6*w - 49. Let m = -21 - v. List the prime factors of ((-6)/m)/(6/220).
2, 11
Suppose 5194 = m - 4*y + 786, 22082 = 5*m + y. List the prime factors of m.
2, 3, 23
Let k(v) = 17*v**2 + 12*v - 12. List the prime factors of k(4).
2, 7, 11
Let t(n) = n - 5. Let g be t(4). What are the prime factors of g/(3 - 130/43)?
43
Let p = 1817 + -995. What are the prime factors of p?
2, 3, 137
Suppose 3*v = 2*t - 85, -6*t + t + 3*v = -235. Suppose 0 = 3*j + t + 370. List the prime factors of j/30*(-6)/1.
2, 7
Let s(h) = 13*h + 33. Let q be s(-13). Let o = q + 283. What are the prime factors of o?
3, 7
Let u = -18 - -10. Let m(z) = z**3 + 9*z**2 + 7*z - 7. Let r be m(u). List the prime factors of -48*((-3)/4)/r.
2, 3
Let z(y) = 151*y + 13. List the prime factors of z(3).
2, 233
Suppose 319*o = 300*o + 456. What are the prime factors of o?
2, 3
Let r = 9 + -5. Let k(g) = 26*g + 17. Let m be k(r). Let b = 173 - m. What are the prime factors of b?
2, 13
Su